2110022 + -100?
-2110122
In base 9, what is -56706 - 48?
-56755
In base 11, what is 6 + -33a8?
-33a2
In base 4, what is 1011120131 - 10?
1011120121
In base 8, what is -205102 - -1?
-205101
In base 5, what is 11 - -1123104?
1123120
In base 5, what is 2 + -244011403?
-244011401
In base 9, what is -3 - -2358854?
2358851
In base 3, what is -200 - 21011222222?
-21012000122
In base 4, what is -3 - 220012?
-220021
In base 14, what is 5a26 - -1?
5a27
In base 4, what is -1200302 - 3323?
-1210231
In base 12, what is -29 + 3463?
3436
In base 11, what is 4 - 7333?
-732a
In base 6, what is 51 - -21114?
21205
In base 8, what is -36134 - 55?
-36211
In base 12, what is 256226 + 1?
256227
In base 2, what is -10011100 + 10111010110?
10100111010
In base 10, what is 19 - -139?
158
In base 9, what is 354166 + 5?
354172
In base 16, what is 1e88cb + 5?
1e88d0
In base 9, what is -318548 + 3?
-318545
In base 4, what is -1113100110 + -3?
-1113100113
In base 6, what is 54 - 12503?
-12405
In base 5, what is 1111 - -334?
2000
In base 14, what is -a - 977bb?
-977c7
In base 7, what is -1 + 254140?
254136
In base 10, what is -39380 - -4?
-39376
In base 2, what is 100 + -10001101010011111?
-10001101010011011
In base 8, what is 5 + -34434?
-34427
In base 7, what is 1154 - -6406?
10563
In base 5, what is -243 - -130410?
130112
In base 4, what is -10 + -323330100?
-323330110
In base 12, what is -3240 - -1?
-323b
In base 6, what is 4 - -515201?
515205
In base 6, what is -20 + -13230?
-13250
In base 3, what is 111200 + 210220112?
211102012
In base 13, what is 62b - 101?
52a
In base 11, what is -18 + -25998?
-25a05
In base 16, what is 2 - -168d?
168f
In base 15, what is -34c105 - 0?
-34c105
In base 9, what is 6518 + 2?
6521
In base 11, what is 13a6 - 7?
139a
In base 4, what is 1031 + -2110322?
-2103231
In base 14, what is 2150 - -17?
2167
In base 3, what is 202112 + -122002?
10110
In base 4, what is -13220213 + -3?
-13220222
In base 16, what is -143 - -11?
-132
In base 16, what is 16565 - -3?
16568
In base 3, what is -2200011212 - 11?
-2200012000
In base 3, what is 10011100122 - -100?
10011100222
In base 16, what is -7 - 8d?
-94
In base 10, what is -4 + 69332?
69328
In base 12, what is 167 - -15b?
306
In base 16, what is -12b80 + -31?
-12bb1
In base 5, what is -12110 - -1114?
-10441
In base 3, what is 22222002110 - 201?
22222001202
In base 15, what is -5 - 14e3?
-14e8
In base 3, what is -1010200101 + -22201?
-1011000002
In base 12, what is -23213 + 1?
-23212
In base 6, what is 21155 - -2115?
23314
In base 14, what is 46b - 64?
407
In base 14, what is -16 - dc8?
-1000
In base 5, what is -13 + 4332?
4314
In base 16, what is -2321 - -20?
-2301
In base 4, what is -33 + 110231?
110132
In base 9, what is 4 + 88847?
88852
In base 3, what is -1 - -111112101?
111112100
In base 8, what is -3547 + -7?
-3556
In base 3, what is 10 + 111000002?
111000012
In base 13, what is 86 + c81?
1037
In base 5, what is 0 - 233433?
-233433
In base 6, what is -1003033 - 4?
-1003041
In base 7, what is 5 + 45410?
45415
In base 13, what is b26627 - 1?
b26626
In base 16, what is -265 - -21?
-244
In base 7, what is 521 + 6?
530
In base 9, what is 100025 - 4?
100021
In base 8, what is 14 + -15033?
-15017
In base 10, what is 1 - 38171?
-38170
In base 9, what is -882 + 1381?
388
In base 13, what is 104a4 - 1?
104a3
In base 7, what is 4 - 46422?
-46415
In base 13, what is -8 - 17b?
-186
In base 12, what is -3 + -17701?
-17704
In base 15, what is 2 + -173a0?
-1739d
In base 8, what is 53 + -120057?
-120004
In base 13, what is -a2 + -7b?
-150
In base 14, what is 265c - 5?
2657
In base 4, what is 10 + -1122023?
-1122013
In base 13, what is 15574b6 + 4?
15574ba
In base 9, what is -13 - 23470?
-23483
In base 4, what is 1003321 - -1031?
1011012
In base 12, what is 1a1286 - -a?
1a1294
In base 5, what is -20010330 + 10?
-20010320
In base 5, what is -11334102 - -3?
-11334044
In base 14, what is 1 + 10c558?
10c559
In base 15, what is -15ea - -38?
-15b2
In base 8, what is 0 + 225674?
225674
In base 16, what is c054 - -1?
c055
In base 11, what is -13 - 2469?
-2481
In base 8, what is -10 - -1171?
1161
In base 8, what is 37 + -1467?
-1430
In base 10, what is -13 - -1493?
1480
In base 4, what is -10 - -3003320?
3003310
In base 8, what is 12711 - 52?
12637
In base 11, what is 4 + 53a4?
53a8
In base 5, what is -323221 - -2?
-323214
In base 16, what is 6f + 164?
1d3
In base 7, what is 11 + 314512?
314523
In base 16, what is -5b - c?
-67
In base 6, what is -2411 - 102?
-2513
In base 16, what is 2 - 3887e?
-3887c
In base 11, what is 683 + 18a?
862
In base 13, what is -b200 - 7?
-b207
In base 11, what is 1 + -77627?
-77626
In base 4, what is 210000001 - 0?
210000001
In base 4, what is -2 - -1112203230?
1112203222
In base 8, what is 5 - 65450?
-65443
In base 4, what is -1 - -30310?
30303
In base 8, what is -20 + -115560?
-115600
In base 12, what is -9a121 - -2?
-9a11b
In base 16, what is -6 - -502?
4fc
In base 8, what is 20 + 465415?
465435
In base 11, what is 15 + -13791?
-13777
In base 12, what is 0 - 3985?
-3985
In base 9, what is -62178 + 2?
-62176
In base 5, what is -4 + 104441?
104432
In base 10, what is -12 - 2047?
-2059
In base 8, what is -2 + 2703?
2701
In base 8, what is -12 + 32355?
32343
In base 5, what is 402 - -1244222?
1300124
In base 12, what is -31493 - -4?
-3148b
In base 5, what is -4 + -34220112?
-34220121
In base 7, what is 305 + -30011?
-26403
In base 4, what is 213322000 - 1?
213321333
In base 9, what is 3 + -207665?
-207662
In base 12, what is 12368a - 6?
123684
In base 4, what is -3202 - 233303?
-303111
In base 5, what is 4430243 - 4?
4430234
In base 14, what is -13 - -21b?
208
In base 11, what is -1399 + -31?
-141a
In base 12, what is -45b4 + 2?
-45b2
In base 10, what is 6 + 36448?
36454
In base 11, what is 13367a + -a?
133670
In base 11, what is 3172 - 5?
3168
In base 10, what is -275598 - -2?
-275596
In base 4, what is -22131202 + -2?
-22131210
In base 2, what is 10101110011 + 110000100?
11011110111
In base 3, what is -1000 - -1001020111?
1001012111
In base 11, what is -20124 + -8?
-20131
In base 11, what is 3a0 + 336?
726
In base 5, what is 101 - 3242044?
-3241443
In base 9, what is 44866 + -4?
44862
In base 13, what is -14957 - -5?
-14952
In base 2, what is -101110011 - -100010001?
-1100010
In base 7, what is -102123 + 25?
-102065
In base 7, what is 142223 + -126?
142064
In base 3, what is 12 + -21200001?
-21122212
In base 7, what is -4340242 + 11?
-4340231
In base 14, what is 2 - 185b?
-1859
In base 14, what is -3 - 1d7a8?
-1d7ab
In base 4, what is 21312 + 1013?
22331
In base 13, what is -684b2 - -a?
-684a5
In base 2, what is -1101101111101111111 + 1?
-1101101111101111110
In base 15, what is c91 - 10?
c81
In base 14, what is -2b - -33a?
30d
In base 2, what is 100 + 100011000011001000?
100011000011001100
In base 2, what is 100001100010100101 - -11?
100001100010101000
In base 11, what is -15082 - 5?
-15087
In base 9, what is 4 + -181063?
-181058
In base 9, what is 7 + 56370?
56377
In base 16, what is ca - 3aea?
-3a20
In base 15, what is -4 + -224b?
-2250
In base 14, what is 7296 - 17?
727d
In base 5, what is -14 - -22014010?
22013441
In base 5, what is 114422 + 23?
120000
In base 10, what is 162105 - 2?
162103
In base 9, what is 1256 + -81?
1165
In base 12, what is 104 - -283?
387
In base 14, what is -d31 + 40?
-cd1
In base 6, what is -11201000 + 1?
-11200555
In base 2, what is 101011011011111011011 - 100?
101011011011111010111
In base 5, what is -1 - 33030?
-33031
In base 16, what is -12b + 22?
-109
In base 10, what is 6586 - 14?
6572
In base 3, what is 11 - -10212012121?
10212012202
In base 3, what is -101 - -1012100211?
1012100110
In base 2, what is 10010100000 + -11110100?
1110101100
In base 4, what is 10 - -232222?
232232
In base 8, what is -175 + -36?
-233
In base 4, what is -1132 + 21333?
20201
In base 2, what is -10110101101 - 101?
-10110110010
In base 14, what is 4 + -760?
-75a
In base 3, what is -12012 + 21211?
2122
In base 14, what is 462609 - 5?
462604
In base 8, what is -242350 + -2?
-242352
In base 16, what is -5 - -69ae?
69a9
In base 11, what is -1a574 + -11?
-1a585
In base 16, what is 1e1e - -1?
1e1f
In base 11, what is 239037 + 4?
239040
In base 13, what is 1441 + 19?
145a
In base 10, what i